46.
571
What is the highest common divisor of 524435 and 265?
265
Calculate the greatest common divisor of 4761 and 812061.
207
What is the highest common factor of 1183512 and 264?
264
Calculate the greatest common factor of 1368921 and 199.
199
What is the highest common divisor of 1558 and 16758?
38
What is the greatest common divisor of 24 and 4908?
12
What is the greatest common divisor of 20478 and 14?
2
Calculate the greatest common factor of 804 and 8592.
12
Calculate the greatest common divisor of 8360 and 406505.
1045
Calculate the highest common factor of 75 and 150099.
3
What is the greatest common divisor of 210 and 305725?
35
What is the greatest common factor of 46 and 180182?
46
Calculate the highest common factor of 179391 and 3.
3
Calculate the highest common divisor of 50120 and 1610.
70
What is the highest common divisor of 10225656 and 216?
216
Calculate the highest common factor of 61294 and 1615.
19
Calculate the greatest common divisor of 961730 and 1540.
770
Calculate the greatest common divisor of 155620 and 17360.
620
Calculate the highest common divisor of 86 and 37066.
86
Calculate the greatest common factor of 249 and 264.
3
What is the greatest common factor of 750 and 357375?
375
What is the highest common divisor of 1694 and 47674?
242
What is the greatest common factor of 342520 and 8?
8
What is the highest common divisor of 154 and 44121?
77
What is the greatest common divisor of 96136 and 1952?
488
Calculate the highest common divisor of 406 and 17284.
58
Calculate the highest common factor of 3137190 and 280.
70
Calculate the greatest common divisor of 35 and 27260.
5
Calculate the highest common divisor of 4949 and 1327039.
707
Calculate the greatest common divisor of 25924 and 972.
4
What is the highest common factor of 51684 and 5694?
438
What is the greatest common factor of 21960 and 720?
360
Calculate the highest common factor of 22 and 4557982.
22
Calculate the greatest common factor of 16 and 4499816.
8
What is the highest common divisor of 979 and 22429?
11
Calculate the greatest common divisor of 96052 and 396.
44
Calculate the highest common divisor of 2655 and 801220.
295
Calculate the highest common divisor of 4 and 340948.
4
Calculate the highest common factor of 574 and 22484.
14
Calculate the highest common divisor of 1079704 and 16.
8
What is the highest common divisor of 1352393 and 86?
43
What is the highest common factor of 25224 and 1764?
12
What is the greatest common divisor of 39824 and 2337?
19
What is the greatest common factor of 16733 and 261?
29
Calculate the greatest common divisor of 486 and 40986.
162
What is the greatest common factor of 15776 and 3774?
34
Calculate the greatest common factor of 17027 and 29.
1
Calculate the greatest common factor of 1074748 and 556.
556
Calculate the greatest common factor of 608055 and 45.
15
Calculate the greatest common divisor of 43 and 112703.
43
Calculate the greatest common divisor of 2209 and 1880.
47
What is the greatest common divisor of 4337324 and 1336?
668
What is the greatest common divisor of 30 and 14896260?
30
What is the greatest common factor of 721 and 1246?
7
What is the greatest common divisor of 85 and 152677?
17
What is the greatest common divisor of 23698 and 328?
82
Calculate the highest common divisor of 30080 and 128780.
940
What is the greatest common divisor of 80 and 27360?
80
What is the highest common divisor of 33 and 64185?
33
What is the highest common factor of 157979 and 20554?
239
What is the greatest common divisor of 17003 and 196?
49
What is the highest common divisor of 920 and 3059?
23
Calculate the greatest common factor of 16791 and 203.
29
Calculate the highest common factor of 396 and 54956.
44
What is the highest common divisor of 82053 and 1013?
1013
Calculate the greatest common factor of 2646 and 5502.
42
What is the greatest common factor of 93672 and 378?
18
What is the highest common divisor of 312 and 1668?
12
What is the greatest common factor of 81506 and 16694?
982
Calculate the highest common factor of 11546 and 598.
46
What is the highest common divisor of 196 and 606620?
196
What is the greatest common divisor of 1248 and 2016?
96
What is the highest common factor of 1770 and 265?
5
Calculate the greatest common factor of 2388 and 21876.
12
Calculate the highest common factor of 4518 and 697278.
1506
What is the greatest common divisor of 2 and 46994?
2
Calculate the greatest common divisor of 20512 and 400.
16
Calculate the greatest common factor of 1189175 and 50.
25
What is the greatest common divisor of 2779723 and 1726?
863
What is the highest common factor of 475675 and 159?
53
Calculate the highest common factor of 735098 and 1911.
637
What is the highest common divisor of 708302 and 14?
14
What is the highest common divisor of 7185 and 1020?
15
Calculate the highest common factor of 807 and 159.
3
What is the highest common divisor of 2365 and 33495?
55
What is the highest common divisor of 4742 and 9?
1
Calculate the greatest common factor of 18045 and 5535.
45
What is the greatest common factor of 17999 and 11853?
439
What is the highest common factor of 53845 and 10235?
445
What is the highest common divisor of 4800 and 564?
12
What is the highest common factor of 1324 and 54615?
331
What is the highest common factor of 281088 and 149760?
2304
Calculate the greatest common divisor of 27347 and 90045.
667
Calculate the highest common factor of 1759725 and 75.
75
What is the highest common factor of 2452 and 676?
4
Calculate the greatest common factor of 272 and 74624.
16
Calculate the highest common divisor of 505 and 332795.
505
What is the greatest common divisor of 15 and 209445?
15
What is the greatest common factor of 24 and 19978?
2
What is the highest common factor of 304 and 287168?
16
What is the greatest common divisor of 81 and 280746?
81
Calculate the greatest common factor of 882830 and 26.
26
Calculate the greatest common divisor of 362 and 21.
1
Calculate the highest common divisor of 848 and 586604.
212
Calculate the greatest common factor of 330 and 81790.
10
Calculate the highest common factor of 2 and 23599.
1
Calculate the greatest common factor of 1245 and 5130.
15
Calculate the greatest common divisor of 33836 and 8.
4
What is the greatest common divisor of 1813539 and 438?
219
Calculate the greatest common factor of 102 and 4573.
17
What is the greatest common divisor of 1173920 and 160?
160
What is the greatest common divisor of 13912 and 22560?
376
What is the highest common factor of 171330 and 132?
6
What is the greatest common divisor of 307 and 322043?
307
What is the greatest common factor of 2810 and 11040?
10
Calculate the highest common divisor of 8080 and 2525.
505
What is the greatest common factor of 2140 and 397612?
428
Calculate the greatest common divisor of 14991 and 513.
57
What is the greatest common divisor of 335297 and 59?
59
Calculate the highest common divisor of 144 and 92376.
72
Calculate the highest common factor of 55 and 1158575.
55
Calculate the greatest common divisor of 10582 and 442.
26
What is the greatest common divisor of 2397621 and 747?
249
What is the greatest common divisor of 470 and 133856?
94
What is the highest common factor of 6264348 and 141?
141
Calculate the highest common factor of 82 and 44649.
41
Calculate the greatest common factor of 75 and 135875.
25
What is the greatest common factor of 1008 and 58?
2
Calculate the greatest common factor of 371259 and 189.
63
What is the highest common factor of 720 and 680?
40
What is the greatest common divisor of 22995 and 609?
21
What is the greatest common factor of 690 and 15410?
230
Calculate the greatest common factor of 594 and 58278.
66
What is the greatest common divisor of 105643 and 178?
89
Calculate the greatest common factor of 18 and 131994.
18
Calculate the greatest common factor of 128 and 390656.
128
Calculate the greatest common divisor of 42 and 2550.
6
What is the greatest common divisor of 200 and 6328?
8
Calculate the highest common factor of 133 and 21.
7
What is the highest common factor of 40296 and 62376?
552
What is the highest common factor of 53058 and 478?
478
What is the greatest common divisor of 1297625 and 250?
125
Calc